) = 7*i + 30. Let y(u) = -u**2 + 5*u + 3. Let l be y(5). Let f(q) = l*k(q) - 5*p(q). What are the prime factors of f(-6)?
3, 31
Suppose 2*j - 37683 = -5*q - 3178, 2*q - j = 13811. What are the prime factors of q?
3, 13, 59
Let l(d) = 3*d**3 + 6*d**2 - 8*d + 6. Let w be l(3). Suppose 0 = 111*i - w*i + 2394. List the prime factors of i.
3, 7, 19
Let g(f) = f**3 + 7*f**2 - 13*f - 6. Let z be g(-8). Let s = z + -30. Suppose -3*a = 5*y - 301, 0 = -s*a + 1 - 13. What are the prime factors of y?
2, 31
List the prime factors of (74877/(-110))/(11/(-110)).
3, 2269
Let b be ((-7)/((-21)/(-18)))/((-6)/4). Suppose -3*q + 133 = b*f, 3*f - 38 = 2*f + 4*q. Let r = 57 - f. List the prime factors of r.
23
Let m(f) = -7 - 11*f + 146*f**2 + 0*f**3 + f**3 + 2 - 127*f**2. Let q be (-8)/28 - (-131)/(-7). List the prime factors of m(q).
2, 3, 17
Suppose -468*j + 22182 = -465*j. Suppose 9694 = 16*p - j. What are the prime factors of p?
2, 3, 89
Let x = 5265 - 3933. What are the prime factors of x?
2, 3, 37
Suppose -j + 23716 = 4*u, 86*j - 17787 = -3*u + 82*j. List the prime factors of u.
7, 11
Suppose 5*x + 10 = 0, -3*n + 2*x - 5158 + 17708 = 0. List the prime factors of n.
2, 3, 17, 41
Let l be 2555/(-7) + -1 + 3. Let w = l + 943. Suppose w = 4*s + 208. What are the prime factors of s?
3, 31
Let o = 19223 + -6044. List the prime factors of o.
3, 23, 191
Let v = -1 + -89. Let q be v/(-1) + (2 + -2)/(-3). Suppose 0 = -13*o + 3*o + q. List the prime factors of o.
3
Let r(n) = n**3 + 35*n**2 - 20*n - 289. What are the prime factors of r(-22)?
17, 379
Let l(o) = 0*o**3 + 70 - o**3 - 70 - 10*o**2. Let f be l(-10). Suppose f*j + 4*j = 20. List the prime factors of j.
5
What are the prime factors of (-3 + 114/10*167)/((-21)/(-210))?
2, 3, 11
Suppose -5*p - 1282 = 2*x - x, 3*x + 3808 = 4*p. List the prime factors of -1 + 1 - (-2 + x/4).
2, 5
Let z(m) be the first derivative of m**4/4 - 5*m**3/3 + 3*m**2/2 - 2*m + 4. Let g be z(4). What are the prime factors of 7 + 21 + g/3?
2, 13
Let o(k) = 3084*k - 1538. What are the prime factors of o(6)?
2, 17, 499
Let t be 1 - (-3 - -6 - 6). Suppose t*z - 2*z = -3*o + 229, 5 = o. What are the prime factors of z?
107
Let s = -1369 - -4138. What are the prime factors of s?
3, 13, 71
Suppose 1155086 = -232*t + 13328358. List the prime factors of t.
137, 383
Let t(n) be the third derivative of 1/60*n**6 + 1/24*n**4 + 115/6*n**3 + 0 - 1/60*n**5 + 0*n + 23*n**2. List the prime factors of t(0).
5, 23
Let g(a) = -a**3 + 18*a**2 - 15*a - 49. Let h be g(11). Suppose -26829 = -23*j + h. List the prime factors of j.
2, 3, 199
Let b(x) = -4*x**2 - 128*x + 90. Let s(g) = g**2 + 32*g - 23. Let y(o) = -2*b(o) - 9*s(o). What are the prime factors of y(-13)?
2, 137
Let z(a) = -a**3 - 10*a**2 - 22*a + 14. Let q be z(-6). Suppose 2*g + 816 = 5*v, -g = -0*g - q. List the prime factors of v.
2, 41
Let r be -5*(10/(-35) - 5003/7). Suppose 3*q + r = 5*a, 2*q + 10 = -0*q. What are the prime factors of a?
2, 89
Let h(y) be the first derivative of -y**4/4 + 5*y**3/3 + 2*y**2 - 8*y - 57. Let x(m) = -4*m**3 + 2*m**2 + m. Let p be x(-1). List the prime factors of h(p).
2, 3
Let c = 39 - 37. Suppose -o - 184 = c. Let z = o - -343. List the prime factors of z.
157
Let v be 42/12*(-200)/(-70). List the prime factors of (2 + v)*7305/45.
2, 487
Suppose 5*t - 137524 = -4*m + 35402, 4*t + 4*m = 138340. What are the prime factors of t?
2, 17293
Suppose -12*o + 10 + 26 = 0. Suppose -o*f - 15 = 0, x = -5*f - 25 + 1. Let c(a) = 12*a - 7. List the prime factors of c(x).
5
Let c = 10917 + 35704. What are the prime factors of c?
23, 2027
Suppose -198*p + 193*p - 5 = 0. What are the prime factors of (110/(4 - p))/((-2)/(-59))?
11, 59
Let r = 599 + -599. Suppose r = -20*i + 2051 + 1329. What are the prime factors of i?
13
Let f = -56 - -2575. List the prime factors of f.
11, 229
List the prime factors of (-11 + 560/14)*34.
2, 17, 29
Suppose 3*r + 2*r + 715 = 0. Let u be 490/(-63) + 8 - 2149/(-9). Let h = r + u. What are the prime factors of h?
2, 3
Let w = 2153 - 911. Let y = w + -606. List the prime factors of y.
2, 3, 53
Suppose -2*g - 44167 = -n - 6907, -3*n = 4*g - 111840. What are the prime factors of n?
2, 3, 1553
Suppose 445 + 787 = 8*q. List the prime factors of q.
2, 7, 11
Let h = -113 + -216. Let k = -139 + h. Let n = k - -724. What are the prime factors of n?
2
What are the prime factors of (-938)/67*11520/(-7)?
2, 3, 5
Let u(j) = -j**2 + j**2 - 11*j + j**2 + 8. Suppose 8*o + 239 = 327. List the prime factors of u(o).
2
Let p(s) = 678*s + 498. What are the prime factors of p(24)?
2, 3, 5, 13, 43
Suppose 0 = 6*c - 2*c - 24. Let o(w) be the second derivative of w**4/4 + 2*w**3/3 - 11*w**2/2 - w - 2. List the prime factors of o(c).
11
Suppose 0 = 5*p - 5*s - 5, -2*p + 0*s = -3*s - 1. Suppose w - p*y + 1088 = 3*w, 3*w = -5*y + 1630. List the prime factors of w.
5, 109
Let m(c) = -186*c + 34. Let t(a) = -184*a + 33. Let p(i) = -6*m(i) + 7*t(i). What are the prime factors of p(-1)?
199
Let w = 415 - 412. Suppose -w*v + 3*a + 2076 = 0, 3*a - 2768 = -4*v - 2*a. List the prime factors of v.
2, 173
Let d(q) = -1432*q - 12. What are the prime factors of d(-5)?
2, 1787
Suppose 0 = -79*y + 84*y - 165. Suppose -17 = 2*b + 37. Let c = y + b. What are the prime factors of c?
2, 3
Suppose 19*y + 394029 + 37949 = 62*y. List the prime factors of y.
2, 5023
Let t(x) = -2*x + 107. Let r be t(0). Let h = r - -96. List the prime factors of h.
7, 29
Let p(s) = 30*s**2 + 5*s - 12. Let q be 1*2 + (-1 - -3). List the prime factors of p(q).
2, 61
Suppose -6*o - 9910 = -5*w, -2*w - 58*o = -63*o - 3964. List the prime factors of w.
2, 991
Let v(t) = -8*t - 56 - 7 + 3*t**2 + 75 + t**3. Let c be (2/(-6))/(1/(-9)). List the prime factors of v(c).
2, 3, 7
Let a = 39 - 66. List the prime factors of (-39 + 3)*3*30/a.
2, 3, 5
Suppose -532350 = -43*a - 27*a. List the prime factors of a.
3, 5, 13
Let q = 82 - 79. Suppose 0 = i - 3, -q*x + 42 = -i. List the prime factors of (-6)/(-15) + (-3)/(x/(-943)).
3, 7
Let h = 8375 + -5974. Let b = h - 796. List the prime factors of b.
3, 5, 107
Let n(a) = -5050*a + 3802. What are the prime factors of n(-11)?
2, 3, 2473
Let o = -1929 - -9973. What are the prime factors of o?
2, 2011
Let a be ((-693)/(-2))/((-1)/(80/(-12))). What are the prime factors of -5*(a/(-225))/(1/6)?
2, 7, 11
Let v(u) = -613*u - 26. Let k be v(-5). Suppose -k = -5*f - 3*w, -2*f + 1753 = -3*w + 529. List the prime factors of f.
3, 7, 29
Suppose -n + 111 = -3*d, n = -2*d + 5*n - 74. Let x = 41 + d. Suppose 0 = x*c - 17*c + 975. List the prime factors of c.
3, 5
Let i(b) = 61*b + 100. Let r = 70 - 63. List the prime factors of i(r).
17, 31
Let h(c) = -3863*c - 1129. List the prime factors of h(-4).
14323
Suppose -6*f + 50020 = 4390. Suppose 31*y = 16*y + f. List the prime factors of y.
3, 13
Let b(m) be the first derivative of -28*m**2 + 59*m + 40. What are the prime factors of b(-15)?
29, 31
Let r(f) = 50*f - 35. Let h be (-2 - 20)*10/(-20). What are the prime factors of r(h)?
5, 103
Suppose 20*k + 552 = -728. What are the prime factors of 24*(k/(-6) - 32/(-48))?
2, 17
Suppose -12*t - t = -0*t. Suppose 55 = 2*c - 3*o - 140, t = -3*c - 2*o + 286. What are the prime factors of c?
2, 3
Let l(c) = 3*c**2 + 3*c - 10. Let r be 6 + 5/(-10)*8. Let h be l(r). Suppose 153 = -5*j + h*j. List the prime factors of j.
3, 17
Suppose 14*s - 18*s = -12. Let p(t) = -15 - s + 22*t - 36*t + 22*t. List the prime factors of p(10).
2, 31
Suppose -8*b - 13*b + 702730 = 14*b. What are the prime factors of b?
2, 10039
Suppose -9*v + 14*v + 15 = 0. Let x be v/5 + 1094/(-10). Let m = 159 + x. List the prime factors of m.
7
Suppose -22*t + 44751 = -18*t + 3*a, -8*t = -5*a - 89535. What are the prime factors of t?
2, 3, 5, 373
Let c = 65 + -99. Let z = -29 - c. Suppose -2*g + 23 = z. What are the prime factors of g?
3
Suppose 3*r - i = -31, -3*r - 10 = 4*i + 31. Let m be (r + -12)*14*1. Let o = -197 - m. List the prime factors of o.
5
Let l be (4/3)/((8/(-834))/(-2)). Let t = 479 - l. List the prime factors of t.
3, 67
Let u = 2357 + -1391. Let m = u + -579. What are the prime factors of m?
3, 43
Let l = 189315 - 131662. What are the prime factors of l?
57653
What are the prime factors of (-39474)/(-15) - 140/(-100)?
2633
Le